{"id":1291,"date":"2020-05-27T11:36:55","date_gmt":"2020-05-27T11:36:55","guid":{"rendered":"http:\/\/teszt.illyes-dombovar.hu\/honlap\/?page_id=1291"},"modified":"2020-09-30T08:07:21","modified_gmt":"2020-09-30T08:07:21","slug":"erettsegi","status":"publish","type":"page","link":"https:\/\/illyes-dombovar.hu\/honlap\/erettsegi\/","title":{"rendered":"\u00c9retts\u00e9giz\u0151knek"},"content":{"rendered":"\n<p class=\"has-text-align-center\">A tov\u00e1bbtanul\u00e1ssal kapcsolatos pontsz\u00e1m\u00edt\u00e1s le\u00edr\u00e1sa <a href=\"http:\/\/www.illyes-dombovar.hu\/pontszamitas2021.ppt\" target=\"_blank\" rel=\"noreferrer noopener\">ide<\/a> kattintva t\u00f6lthet\u0151 le!<\/p>\n\n\n\n<p class=\"has-text-align-center\">Az \u00e9retts\u00e9givel \u00e9s a tov\u00e1bbtanul\u00e1ssal kapcsolatos hasznos linkek gy\u0171jtem\u00e9ny\u00e9t <a href=\"http:\/\/www.illyes-dombovar.hu\/erettsegi_2016.docx\" target=\"_blank\" rel=\"noreferrer noopener\">ide<\/a> kattintva lehet let\u00f6lteni.<\/p>\n","protected":false},"excerpt":{"rendered":"<p>A tov\u00e1bbtanul\u00e1ssal kapcsolatos pontsz\u00e1m\u00edt\u00e1s le\u00edr\u00e1sa ide kattintva t\u00f6lthet\u0151 le! Az \u00e9retts\u00e9givel \u00e9s a tov\u00e1bbtanul\u00e1ssal kapcsolatos hasznos linkek gy\u0171jtem\u00e9ny\u00e9t ide kattintva lehet let\u00f6lteni.<\/p>\n","protected":false},"author":2,"featured_media":0,"parent":0,"menu_order":0,"comment_status":"closed","ping_status":"closed","template":"","meta":{"ngg_post_thumbnail":0,"footnotes":""},"class_list":["post-1291","page","type-page","status-publish","hentry"],"_links":{"self":[{"href":"https:\/\/illyes-dombovar.hu\/honlap\/wp-json\/wp\/v2\/pages\/1291","targetHints":{"allow":["GET"]}}],"collection":[{"href":"https:\/\/illyes-dombovar.hu\/honlap\/wp-json\/wp\/v2\/pages"}],"about":[{"href":"https:\/\/illyes-dombovar.hu\/honlap\/wp-json\/wp\/v2\/types\/page"}],"author":[{"embeddable":true,"href":"https:\/\/illyes-dombovar.hu\/honlap\/wp-json\/wp\/v2\/users\/2"}],"replies":[{"embeddable":true,"href":"https:\/\/illyes-dombovar.hu\/honlap\/wp-json\/wp\/v2\/comments?post=1291"}],"version-history":[{"count":3,"href":"https:\/\/illyes-dombovar.hu\/honlap\/wp-json\/wp\/v2\/pages\/1291\/revisions"}],"predecessor-version":[{"id":2241,"href":"https:\/\/illyes-dombovar.hu\/honlap\/wp-json\/wp\/v2\/pages\/1291\/revisions\/2241"}],"wp:attachment":[{"href":"https:\/\/illyes-dombovar.hu\/honlap\/wp-json\/wp\/v2\/media?parent=1291"}],"curies":[{"name":"wp","href":"https:\/\/api.w.org\/{rel}","templated":true}]}}