{"id":1288,"date":"2020-05-27T11:36:55","date_gmt":"2020-05-27T11:36:55","guid":{"rendered":"http:\/\/teszt.illyes-dombovar.hu\/honlap\/?page_id=1288"},"modified":"2025-09-09T14:16:02","modified_gmt":"2025-09-09T13:16:02","slug":"munkatarsak","status":"publish","type":"page","link":"https:\/\/illyes-dombovar.hu\/honlap\/munkatarsak\/","title":{"rendered":"Munkat\u00e1rsak"},"content":{"rendered":"\n<p><strong>Pedag\u00f3gus munk\u00e1t k\u00f6zvetlen\u00fcl seg\u00edt\u0151 munkat\u00e1rsak<\/strong><\/p>\n\n\n\n<figure class=\"wp-block-table is-style-stripes\"><table><tbody><tr><td><strong>N\u00e9v<\/strong><\/td><td><strong>Beoszt\u00e1s<\/strong><\/td><td><strong>El\u00e9rhet\u0151s\u00e9g<\/strong><\/td><\/tr><tr><td><strong>Cs\u0151sz Anita<\/strong><\/td><td>Labor\u00e1ns<\/td><td>466-864<\/td><\/tr><tr><td><strong><strong>Szemesn\u00e9 T\u00f3th Zsanett<\/strong><\/strong><\/td><td>Iskolatitk\u00e1r<\/td><td>466-336<\/td><\/tr><tr><td><strong>Dancs \u00c1. Levente<\/strong><\/td><td>Rendszergazda<\/td><td>466-864<\/td><\/tr><tr><td><strong>Tak\u00e1csn\u00e9 Reisz Anett<\/strong><\/td><td>K\u00f6nyvt\u00e1ros<\/td><td>466-864<\/td><\/tr><\/tbody><\/table><\/figure>\n\n\n\n<p><strong>Technikai dolgoz\u00f3ink<\/strong><\/p>\n\n\n\n<figure class=\"wp-block-table\"><table><tbody><tr><td><strong>N\u00e9v<\/strong><\/td><td><strong>Beoszt\u00e1s<\/strong><\/td><\/tr><tr><td><strong>Bessenyein\u00e9 Nagy Andrea<\/strong><\/td><td>Port\u00e1s<\/td><\/tr><tr><td><strong>Bukovszkyn\u00e9 Szerecz Anik\u00f3<\/strong><\/td><td>Takar\u00edt\u00f3<\/td><\/tr><tr><td><strong>Erd\u00e9lyi S\u00e1ndorn\u00e9<\/strong><strong><\/strong><\/td><td>Takar\u00edt\u00f3<\/td><\/tr><tr><td><strong>Eses S\u00e1ndorn\u00e9<\/strong><\/td><td>Takar\u00edt\u00f3<\/td><\/tr><tr><td><strong>Feh\u00e9r L\u00e1szl\u00f3n\u00e9<\/strong><\/td><td>Takar\u00edt\u00f3<\/td><\/tr><tr><td><strong><strong>Tak\u00e1csn\u00e9 Reisz Anett<\/strong><\/strong><\/td><td>Gazdas\u00e1gi \u00fcgyint\u00e9z\u0151<\/td><\/tr><tr><td><strong><strong>Szomolai B\u00e9la<\/strong><\/strong><\/td><td>Udvaros<\/td><\/tr><tr><td><strong>Lakos Istv\u00e1n<\/strong><\/td><td>Karbantart\u00f3<\/td><\/tr><tr><td><strong>Mikina Ferenc<\/strong><\/td><td>Port\u00e1s<\/td><\/tr><tr><td><strong>Sz\u0151cs M\u00e1rton<\/strong><\/td><td>Karbantart\u00f3<\/td><\/tr><tr><td><strong>Sz\u0171cs Anik\u00f3<\/strong><\/td><td>Takar\u00edt\u00f3<\/td><\/tr><\/tbody><\/table><\/figure>\n","protected":false},"excerpt":{"rendered":"<p>Pedag\u00f3gus munk\u00e1t k\u00f6zvetlen\u00fcl seg\u00edt\u0151 munkat\u00e1rsak N\u00e9v Beoszt\u00e1s El\u00e9rhet\u0151s\u00e9g Cs\u0151sz Anita Labor\u00e1ns 466-864 Szemesn\u00e9 T\u00f3th Zsanett Iskolatitk\u00e1r 466-336 Dancs \u00c1. Levente Rendszergazda 466-864 Tak\u00e1csn\u00e9 Reisz Anett K\u00f6nyvt\u00e1ros 466-864 Technikai dolgoz\u00f3ink N\u00e9v [&hellip;]<\/p>\n","protected":false},"author":2,"featured_media":0,"parent":0,"menu_order":0,"comment_status":"closed","ping_status":"closed","template":"","meta":{"ngg_post_thumbnail":0,"footnotes":""},"class_list":["post-1288","page","type-page","status-publish","hentry"],"_links":{"self":[{"href":"https:\/\/illyes-dombovar.hu\/honlap\/wp-json\/wp\/v2\/pages\/1288","targetHints":{"allow":["GET"]}}],"collection":[{"href":"https:\/\/illyes-dombovar.hu\/honlap\/wp-json\/wp\/v2\/pages"}],"about":[{"href":"https:\/\/illyes-dombovar.hu\/honlap\/wp-json\/wp\/v2\/types\/page"}],"author":[{"embeddable":true,"href":"https:\/\/illyes-dombovar.hu\/honlap\/wp-json\/wp\/v2\/users\/2"}],"replies":[{"embeddable":true,"href":"https:\/\/illyes-dombovar.hu\/honlap\/wp-json\/wp\/v2\/comments?post=1288"}],"version-history":[{"count":16,"href":"https:\/\/illyes-dombovar.hu\/honlap\/wp-json\/wp\/v2\/pages\/1288\/revisions"}],"predecessor-version":[{"id":23110,"href":"https:\/\/illyes-dombovar.hu\/honlap\/wp-json\/wp\/v2\/pages\/1288\/revisions\/23110"}],"wp:attachment":[{"href":"https:\/\/illyes-dombovar.hu\/honlap\/wp-json\/wp\/v2\/media?parent=1288"}],"curies":[{"name":"wp","href":"https:\/\/api.w.org\/{rel}","templated":true}]}}