{"id":1285,"date":"2020-05-27T11:36:55","date_gmt":"2020-05-27T11:36:55","guid":{"rendered":"http:\/\/teszt.illyes-dombovar.hu\/honlap\/?page_id=1285"},"modified":"2022-01-13T08:17:08","modified_gmt":"2022-01-13T08:17:08","slug":"bemutatkozas","status":"publish","type":"page","link":"https:\/\/illyes-dombovar.hu\/honlap\/bemutatkozas\/","title":{"rendered":"Bemutatkoz\u00e1s"},"content":{"rendered":"\n<p>K\u00fcldet\u00e9snyilatkozat<\/p>\n\n\n\n<p><em>\u201eA legt\u00f6bb, amit gyerekeinknek adhatunk: gy\u00f6kerek \u00e9s sz\u00e1rnyak.\u201d (Goethe)<\/em><\/p>\n\n\n\n<p>Int\u00e9zm\u00e9ny\u00fcnk, a t\u00f6bb mint sz\u00e1z \u00e9ves m\u00faltra visszatekint\u0151 Domb\u00f3v\u00e1ri Illy\u00e9s Gyula Gimn\u00e1zium meghat\u00e1roz\u00f3 helyet t\u00f6lt be a t\u00e9rs\u00e9g oktat\u00e1si palett\u00e1j\u00e1n. Ezen felel\u0151ss\u00e9g sz\u00edv\u00fcnk\u00f6n visel\u00e9se t\u00e1pl\u00e1lja elhivatotts\u00e1gunkat. Legfontosabb c\u00e9lkit\u0171z\u00e9s\u00fcnk az \u00e9retts\u00e9gire \u00e9s a tov\u00e1bbtanul\u00e1sra val\u00f3 min\u00e9l teljesebb \u00e9s korszer\u0171bb felk\u00e9sz\u00edt\u00e9s, val\u00f3di k\u00fcldet\u00e9s\u00fcnket ez\u00e9rt abban jel\u00f6lt\u00fck meg, hogy a r\u00e1nk b\u00edzott di\u00e1kokb\u00f3l sz\u00e9les l\u00e1t\u00f3k\u00f6r\u0171, m\u0171velt, a fels\u0151fok\u00fa tanulm\u00e1nyokban \u00e9s a megtal\u00e1lt hivat\u00e1s\u00e1ban hely\u00e9t meg\u00e1ll\u00f3, az egyetemes emberi \u00e9s nemzeti \u00e9rt\u00e9keket megbecs\u00fcl\u0151 \u00e9s \u00e9rt\u00e9kteremt\u0151, felel\u0151s gondolkod\u00e1s\u00fa feln\u0151tteket nevelj\u00fcnk. Iskol\u00e1nk hagyom\u00e1nyokat tisztel\u0151, szolid kisv\u00e1rosi l\u00e9gk\u00f6r\u00e9ben fontos feladatunknak \u00e9rezz\u00fck azoknak az emberi tulajdons\u00e1goknak a kialak\u00edt\u00e1s\u00e1t tanul\u00f3inkban, melyek elv\u00e1r\u00e1sk\u00e9nt fogalmaz\u00f3dnak meg a j\u00f6v\u0151 \u00e9rtelmis\u00e9g\u00e9vel szemben: felel\u0151ss\u00e9gteljess\u00e9g, megb\u00edzhat\u00f3s\u00e1g, \u00f6n\u00e1ll\u00f3s\u00e1g, nyitotts\u00e1g, kreativit\u00e1s, re\u00e1lis \u00f6nismeretre \u00e9s a folyamatos \u00f6nk\u00e9pz\u00e9sre val\u00f3 t\u00f6rekv\u00e9s, egy\u00fcttm\u0171k\u00f6d\u0151k\u00e9szs\u00e9g, szoci\u00e1lis \u00e9rz\u00e9kenys\u00e9g, tiszteletteljes magatart\u00e1s, tolerancia, \u00e9rdek\u00e9rv\u00e9nyes\u00edt\u0151 k\u00e9pess\u00e9g, j\u00f3 kommunik\u00e1ci\u00f3s k\u00e9szs\u00e9g.<\/p>\n\n\n\n<p>C\u00e9lkit\u0171z\u00e9seink, alapelveink megfogalmaz\u00e1s\u00e1hoz \u00e9s megval\u00f3s\u00edt\u00e1s\u00e1hoz elengedhetetlen\u00fcl sz\u00fcks\u00e9gesnek tartjuk a tan\u00e1r-di\u00e1k-sz\u00fcl\u0151 harmonikus partnerkapcsolat fenntart\u00e1s\u00e1t. Sz\u00e1m\u00edtunk partnereink visszajelz\u00e9seire, v\u00e9lem\u00e9ny\u00e9re. Iskol\u00e1nk tantest\u00fclete szakmai felk\u00e9sz\u00fclts\u00e9g\u00e9vel \u00e9s pedag\u00f3giai elk\u00f6telezetts\u00e9g\u00e9vel elhivatott a sz\u00e9lesk\u00f6r\u0171 ismeretek \u00e1tad\u00e1s\u00e1ra, a korhoz igazod\u00f3 nevel\u00e9si feladatok teljes\u00edt\u00e9s\u00e9re, a gimn\u00e1ziumi di\u00e1k\u00e9vek k\u00f6z\u00f6ss\u00e9gi \u00e9lm\u00e9nyekkel val\u00f3 eml\u00e9kezetess\u00e9 t\u00e9tel\u00e9re. Hisz\u00fcnk benne, hogy az iskol\u00e1nak feladata a szoci\u00e1lis, t\u00e1rsadalmi h\u00e1tt\u00e9rb\u0151l ad\u00f3d\u00f3, esetlegesen valamif\u00e9le eg\u00e9szs\u00e9g\u00fcgyi helyzetb\u0151l k\u00f6vetkez\u0151 k\u00fcl\u00f6nbs\u00e9gek tomp\u00edt\u00e1sa. Minden tud\u00e1sunkkal \u00e9s tapasztalatunkkal arra t\u00f6reksz\u00fcnk, hogy valamennyi di\u00e1kunkat hozz\u00e1seg\u00edts\u00fck saj\u00e1t \u00fatj\u00e1nak megtal\u00e1l\u00e1s\u00e1hoz, hogy az itt elhangzott, \u00fatraval\u00f3k\u00e9nt kapott mondatok l\u00e1mp\u00e1st mutassanak a d\u00f6nt\u0151 \u00fatkeresztez\u0151d\u00e9sekben. Az\u00e9rt tev\u00e9kenyked\u00fcnk, hogy a di\u00e1kok \u00fajabb \u00e9s \u00fajabb gener\u00e1ci\u00f3j\u00e1nak legyen ir\u00e1nyt\u0171je a domb\u00f3v\u00e1ri gimn\u00e1zium, s maradjon egy olyan alma mater, amelyhez egyar\u00e1nt j\u00f3 di\u00e1kk\u00e9nt \u00e9s \u00f6regdi\u00e1kk\u00e9nt is tartozni. &nbsp;&nbsp;<\/p>\n","protected":false},"excerpt":{"rendered":"<p>K\u00fcldet\u00e9snyilatkozat \u201eA legt\u00f6bb, amit gyerekeinknek adhatunk: gy\u00f6kerek \u00e9s sz\u00e1rnyak.\u201d (Goethe) Int\u00e9zm\u00e9ny\u00fcnk, a t\u00f6bb mint sz\u00e1z \u00e9ves m\u00faltra visszatekint\u0151 Domb\u00f3v\u00e1ri Illy\u00e9s Gyula Gimn\u00e1zium meghat\u00e1roz\u00f3 helyet t\u00f6lt be a t\u00e9rs\u00e9g oktat\u00e1si palett\u00e1j\u00e1n. [&hellip;]<\/p>\n","protected":false},"author":2,"featured_media":0,"parent":0,"menu_order":0,"comment_status":"closed","ping_status":"closed","template":"","meta":{"ngg_post_thumbnail":0,"footnotes":""},"class_list":["post-1285","page","type-page","status-publish","hentry"],"_links":{"self":[{"href":"https:\/\/illyes-dombovar.hu\/honlap\/wp-json\/wp\/v2\/pages\/1285","targetHints":{"allow":["GET"]}}],"collection":[{"href":"https:\/\/illyes-dombovar.hu\/honlap\/wp-json\/wp\/v2\/pages"}],"about":[{"href":"https:\/\/illyes-dombovar.hu\/honlap\/wp-json\/wp\/v2\/types\/page"}],"author":[{"embeddable":true,"href":"https:\/\/illyes-dombovar.hu\/honlap\/wp-json\/wp\/v2\/users\/2"}],"replies":[{"embeddable":true,"href":"https:\/\/illyes-dombovar.hu\/honlap\/wp-json\/wp\/v2\/comments?post=1285"}],"version-history":[{"count":4,"href":"https:\/\/illyes-dombovar.hu\/honlap\/wp-json\/wp\/v2\/pages\/1285\/revisions"}],"predecessor-version":[{"id":13139,"href":"https:\/\/illyes-dombovar.hu\/honlap\/wp-json\/wp\/v2\/pages\/1285\/revisions\/13139"}],"wp:attachment":[{"href":"https:\/\/illyes-dombovar.hu\/honlap\/wp-json\/wp\/v2\/media?parent=1285"}],"curies":[{"name":"wp","href":"https:\/\/api.w.org\/{rel}","templated":true}]}}