{"id":19446,"date":"2024-03-13T08:58:57","date_gmt":"2024-03-13T07:58:57","guid":{"rendered":"http:\/\/illyes-dombovar.hu\/honlap\/?page_id=19446"},"modified":"2024-03-13T12:56:46","modified_gmt":"2024-03-13T11:56:46","slug":"a-digitalis-angol-csoport-jelentkezoi-letolthetok-itt-kod0002","status":"publish","type":"page","link":"http:\/\/illyes-dombovar.hu\/honlap\/a-digitalis-angol-csoport-jelentkezoi-letolthetok-itt-kod0002\/","title":{"rendered":"A digit\u00e1lis-angol csoport jelentkez\u0151i let\u00f6lthet\u0151k itt. (K\u00f3d:0002)"},"content":{"rendered":"\n<p> <\/p>\n\n\n\n<figure class=\"wp-block-table\"><table><tbody><tr><td colspan=\"3\"><strong>0002 &#8211; DIGIT\u00c1LIS ANGOL CSOPORT<\/strong><\/td><\/tr><tr><td><strong>Sorsz\u00e1m<\/strong><\/td><td><strong>OKTAN\/JELIGE<\/strong><\/td><td><strong>\u00c1TLAG<\/strong><\/td><\/tr><tr><td><strong>1.<\/strong><\/td><td><strong>72723733449<\/strong><\/td><td><strong>5,00<\/strong><\/td><\/tr><tr><td><strong>2.<\/strong><\/td><td><strong>72760055180<\/strong><\/td><td><strong>5,00<\/strong><\/td><\/tr><tr><td><strong>3.<\/strong><\/td><td><strong>73062921236<\/strong><\/td><td><strong>5,00<\/strong><\/td><\/tr><tr><td><strong>4.<\/strong><\/td><td><strong>72945382013<\/strong><\/td><td><strong>5,00<\/strong><\/td><\/tr><tr><td><strong>5.<\/strong><\/td><td><strong>72893088886<\/strong><\/td><td><strong>5,00<\/strong><\/td><\/tr><tr><td><strong>6.<\/strong><\/td><td><strong>72888443802<\/strong><\/td><td><strong>5,00<\/strong><\/td><\/tr><tr><td><strong>7.<\/strong><\/td><td><strong>72692102994<\/strong><\/td><td><strong>5,00<\/strong><\/td><\/tr><tr><td><strong>8.<\/strong><\/td><td><strong>72779852427<\/strong><\/td><td><strong>5,00<\/strong><\/td><\/tr><tr><td><strong>9.<\/strong><\/td><td><strong>72779921631<\/strong><\/td><td><strong>5,00<\/strong><\/td><\/tr><tr><td><strong>10.<\/strong><\/td><td><strong>72745935146<\/strong><\/td><td><strong>4,92<\/strong><\/td><\/tr><tr><td><strong>11.<\/strong><\/td><td><strong>BEBIHAL<\/strong><\/td><td><strong>4,92<\/strong><\/td><\/tr><tr><td><strong>12.<\/strong><\/td><td><strong>72759923020<\/strong><\/td><td><strong>4,83<\/strong><\/td><\/tr><tr><td><strong>13.<\/strong><\/td><td><strong>72859378468<\/strong><\/td><td><strong>4,83<\/strong><\/td><\/tr><tr><td><strong>14.<\/strong><\/td><td><strong>72896801068<\/strong><\/td><td><strong>4,75<\/strong><\/td><\/tr><tr><td><strong>15.<\/strong><\/td><td><strong>72809867543<\/strong><\/td><td><strong>4,75<\/strong><\/td><\/tr><tr><td><strong>16.<\/strong><\/td><td><strong>72859542410<\/strong><\/td><td><strong>4,67<\/strong><\/td><\/tr><tr><td><strong>17.<\/strong><\/td><td><strong>72759901257<\/strong><\/td><td><strong>4,67<\/strong><\/td><\/tr><tr><td><strong>18.<\/strong><\/td><td><strong>72735983622<\/strong><\/td><td><strong>4,67<\/strong><\/td><\/tr><tr><td><strong>19.<\/strong><\/td><td><strong>72628566224<\/strong><\/td><td><strong>4,58<\/strong><\/td><\/tr><tr><td><strong>20.<\/strong><\/td><td><strong>PUTELLAS<\/strong><\/td><td><strong>4,58<\/strong><\/td><\/tr><tr><td><strong>21.<\/strong><\/td><td><strong>72751324619<\/strong><\/td><td><strong>4,50<\/strong><\/td><\/tr><tr><td><strong>22.<\/strong><\/td><td><strong>72760073939<\/strong><\/td><td><strong>4,50<\/strong><\/td><\/tr><tr><td><strong>23.<\/strong><\/td><td><strong>72728871401<\/strong><\/td><td><strong>4,50<\/strong><\/td><\/tr><tr><td><strong>24.<\/strong><\/td><td><strong>72916424583<\/strong><\/td><td><strong>4,42<\/strong><\/td><\/tr><tr><td><strong>25.<\/strong><\/td><td><strong>72704693850<\/strong><\/td><td><strong>4,42<\/strong><\/td><\/tr><tr><td><strong>26.<\/strong><\/td><td><strong>72746344076<\/strong><\/td><td><strong>4,33<\/strong><\/td><\/tr><tr><td><strong>27.<\/strong><\/td><td><strong>72759386055<\/strong><\/td><td><strong>4,33<\/strong><\/td><\/tr><tr><td><strong>28.<\/strong><\/td><td><strong>KOHOM<\/strong><\/td><td><strong>4,33<\/strong><\/td><\/tr><tr><td><strong>29.<\/strong><\/td><td><strong>72806492148<\/strong><\/td><td><strong>4,25<\/strong><\/td><\/tr><tr><td><strong>30.<\/strong><\/td><td><strong>72780291309<\/strong><\/td><td><strong>4,17<\/strong><\/td><\/tr><tr><td><strong>31.<\/strong><\/td><td><strong>72760128545<\/strong><\/td><td><strong>4,17<\/strong><\/td><\/tr><tr><td><strong>32.<\/strong><\/td><td><strong>72780049841<\/strong><\/td><td><strong>4,08<\/strong><\/td><\/tr><tr><td><strong>33.<\/strong><\/td><td><strong>72893099763<\/strong><\/td><td><strong>3,67<\/strong><\/td><\/tr><tr><td><strong>34.<\/strong><\/td><td><strong>72692660850<\/strong><\/td><td><strong>3,67<\/strong><\/td><\/tr><tr><td><strong>35.<\/strong><\/td><td><strong>72834496917<\/strong><\/td><td><strong>3,58<\/strong><\/td><\/tr><\/tbody><\/table><\/figure>\n","protected":false},"excerpt":{"rendered":"<p>0002 &#8211; DIGIT\u00c1LIS ANGOL CSOPORT Sorsz\u00e1m OKTAN\/JELIGE \u00c1TLAG 1. 72723733449 5,00 2. 72760055180 5,00 3. 73062921236 5,00 4. 72945382013 5,00 5. 72893088886 5,00 6. 72888443802 5,00 7. 72692102994 5,00 8. [&hellip;]<\/p>\n","protected":false},"author":2,"featured_media":0,"parent":0,"menu_order":0,"comment_status":"closed","ping_status":"closed","template":"","meta":{"ngg_post_thumbnail":0,"footnotes":""},"class_list":["post-19446","page","type-page","status-publish","hentry"],"_links":{"self":[{"href":"http:\/\/illyes-dombovar.hu\/honlap\/wp-json\/wp\/v2\/pages\/19446","targetHints":{"allow":["GET"]}}],"collection":[{"href":"http:\/\/illyes-dombovar.hu\/honlap\/wp-json\/wp\/v2\/pages"}],"about":[{"href":"http:\/\/illyes-dombovar.hu\/honlap\/wp-json\/wp\/v2\/types\/page"}],"author":[{"embeddable":true,"href":"http:\/\/illyes-dombovar.hu\/honlap\/wp-json\/wp\/v2\/users\/2"}],"replies":[{"embeddable":true,"href":"http:\/\/illyes-dombovar.hu\/honlap\/wp-json\/wp\/v2\/comments?post=19446"}],"version-history":[{"count":4,"href":"http:\/\/illyes-dombovar.hu\/honlap\/wp-json\/wp\/v2\/pages\/19446\/revisions"}],"predecessor-version":[{"id":19474,"href":"http:\/\/illyes-dombovar.hu\/honlap\/wp-json\/wp\/v2\/pages\/19446\/revisions\/19474"}],"wp:attachment":[{"href":"http:\/\/illyes-dombovar.hu\/honlap\/wp-json\/wp\/v2\/media?parent=19446"}],"curies":[{"name":"wp","href":"https:\/\/api.w.org\/{rel}","templated":true}]}}