{"id":17881,"date":"2023-07-03T21:34:03","date_gmt":"2023-07-03T20:34:03","guid":{"rendered":"http:\/\/illyes-dombovar.hu\/honlap\/?page_id=17881"},"modified":"2023-07-03T21:34:03","modified_gmt":"2023-07-03T20:34:03","slug":"12-b-osztaly-bizonyitvany-atadoja","status":"publish","type":"page","link":"http:\/\/illyes-dombovar.hu\/honlap\/12-b-osztaly-bizonyitvany-atadoja\/","title":{"rendered":"12.b oszt\u00e1ly bizony\u00edtv\u00e1ny \u00e1tad\u00f3ja"},"content":{"rendered":"\nngg_shortcode_0_placeholder\n","protected":false},"excerpt":{"rendered":"","protected":false},"author":2,"featured_media":0,"parent":0,"menu_order":0,"comment_status":"closed","ping_status":"closed","template":"","meta":{"ngg_post_thumbnail":0,"footnotes":""},"class_list":["post-17881","page","type-page","status-publish","hentry"],"_links":{"self":[{"href":"http:\/\/illyes-dombovar.hu\/honlap\/wp-json\/wp\/v2\/pages\/17881","targetHints":{"allow":["GET"]}}],"collection":[{"href":"http:\/\/illyes-dombovar.hu\/honlap\/wp-json\/wp\/v2\/pages"}],"about":[{"href":"http:\/\/illyes-dombovar.hu\/honlap\/wp-json\/wp\/v2\/types\/page"}],"author":[{"embeddable":true,"href":"http:\/\/illyes-dombovar.hu\/honlap\/wp-json\/wp\/v2\/users\/2"}],"replies":[{"embeddable":true,"href":"http:\/\/illyes-dombovar.hu\/honlap\/wp-json\/wp\/v2\/comments?post=17881"}],"version-history":[{"count":1,"href":"http:\/\/illyes-dombovar.hu\/honlap\/wp-json\/wp\/v2\/pages\/17881\/revisions"}],"predecessor-version":[{"id":17970,"href":"http:\/\/illyes-dombovar.hu\/honlap\/wp-json\/wp\/v2\/pages\/17881\/revisions\/17970"}],"wp:attachment":[{"href":"http:\/\/illyes-dombovar.hu\/honlap\/wp-json\/wp\/v2\/media?parent=17881"}],"curies":[{"name":"wp","href":"https:\/\/api.w.org\/{rel}","templated":true}]}}