{"id":17789,"date":"2023-07-03T21:29:48","date_gmt":"2023-07-03T20:29:48","guid":{"rendered":"http:\/\/illyes-dombovar.hu\/honlap\/?page_id=17789"},"modified":"2023-07-03T21:37:32","modified_gmt":"2023-07-03T20:37:32","slug":"12-a-osztaly-bizonyitvany-atadoja","status":"publish","type":"page","link":"http:\/\/illyes-dombovar.hu\/honlap\/12-a-osztaly-bizonyitvany-atadoja\/","title":{"rendered":"12.a oszt\u00e1ly bizony\u00edtv\u00e1ny \u00e1tad\u00f3ja"},"content":{"rendered":"\nngg_shortcode_0_placeholder\n","protected":false},"excerpt":{"rendered":"","protected":false},"author":2,"featured_media":0,"parent":0,"menu_order":0,"comment_status":"closed","ping_status":"closed","template":"","meta":{"ngg_post_thumbnail":0,"footnotes":""},"class_list":["post-17789","page","type-page","status-publish","hentry"],"_links":{"self":[{"href":"http:\/\/illyes-dombovar.hu\/honlap\/wp-json\/wp\/v2\/pages\/17789","targetHints":{"allow":["GET"]}}],"collection":[{"href":"http:\/\/illyes-dombovar.hu\/honlap\/wp-json\/wp\/v2\/pages"}],"about":[{"href":"http:\/\/illyes-dombovar.hu\/honlap\/wp-json\/wp\/v2\/types\/page"}],"author":[{"embeddable":true,"href":"http:\/\/illyes-dombovar.hu\/honlap\/wp-json\/wp\/v2\/users\/2"}],"replies":[{"embeddable":true,"href":"http:\/\/illyes-dombovar.hu\/honlap\/wp-json\/wp\/v2\/comments?post=17789"}],"version-history":[{"count":2,"href":"http:\/\/illyes-dombovar.hu\/honlap\/wp-json\/wp\/v2\/pages\/17789\/revisions"}],"predecessor-version":[{"id":18001,"href":"http:\/\/illyes-dombovar.hu\/honlap\/wp-json\/wp\/v2\/pages\/17789\/revisions\/18001"}],"wp:attachment":[{"href":"http:\/\/illyes-dombovar.hu\/honlap\/wp-json\/wp\/v2\/media?parent=17789"}],"curies":[{"name":"wp","href":"https:\/\/api.w.org\/{rel}","templated":true}]}}