{"id":1424,"date":"2020-05-27T20:39:43","date_gmt":"2020-05-27T20:39:43","guid":{"rendered":"http:\/\/teszt.illyes-dombovar.hu\/honlap\/?page_id=1424"},"modified":"2025-01-30T11:15:56","modified_gmt":"2025-01-30T10:15:56","slug":"dok-2","status":"publish","type":"page","link":"http:\/\/illyes-dombovar.hu\/honlap\/dok-2\/","title":{"rendered":"D\u00d6K"},"content":{"rendered":"\n<figure class=\"wp-block-table\"><table><tbody><tr><td>A Di\u00e1k\u00f6nkorm\u00e1nyzat (r\u00f6vid\u00edtve: D\u00d6K) a di\u00e1kok \u00e1ltal l\u00e9trehozott olyan szervezet, mely k\u00e9pviseli a tanul\u00f3k \u00e9rdekeit minden k\u00e9rd\u00e9sben, megval\u00f3s\u00edtja a tanul\u00f3k k\u00e9pviselet\u00e9t az \u0151ket \u00e9rint\u0151 f\u00f3rumokon val\u00f3 r\u00e9szv\u00e9tellel, biztos\u00edtja az inform\u00e1ci\u00f3\u00e1raml\u00e1st a tanul\u00f3k \u00e9s az iskolavezet\u00e9s, illetve a tantest\u00fclet k\u00f6z\u00f6tt, valamint megszervezi, t\u00e1mogatja az iskolai di\u00e1k\u00e9letet.<br>\u00a0\u00a0\u00a0\u00a0\u00a0\u00a0\u00a0\u00a0\u00a0\u00a0\u00a0 Az Illy\u00e9s Gyula Gimn\u00e1zium t\u00f6rt\u00e9net\u00e9ben \u00e9s m\u0171k\u00f6d\u00e9s\u00e9ben elismerten fontos szerepet t\u00f6lt\u00f6tt \u00e9s t\u00f6lt be a Di\u00e1k\u00f6nkorm\u00e1nyzat. A 2024\/25-\u00f6s tan\u00e9v szeptember\u00e9ben tartott alakul\u00f3 \u00fcl\u00e9sen a tagok eln\u00f6knek v\u00e1lasztott\u00e1k Szigeti Zs\u00f3fia 11.b oszt\u00e1lyos tanul\u00f3t, az aleln\u00f6k\u00f6k M\u00fcller Gr\u00e9ta 10.b, Ujv\u00e1ri P\u00e1lma \u00e9s Stehler Dominik 11.a \u00e9s Berta No\u00e9mi 12.b oszt\u00e1lyos tanul\u00f3k lettek. Az iskolasz\u00e9ki k\u00fcld\u00f6tts\u00e9gi tags\u00e1got Fetzer Fanni 10.b, Szigeti Zs\u00f3fia 11.b \u00e9s Stehler Dominik 11.a oszt\u00e1lyos tanul\u00f3k t\u00f6ltik be. A tanker\u00fcleti tan\u00e1cs tagja Ruppert Dominik 11.n oszt\u00e1lyos tanul\u00f3.\u00a0<br>A D\u00d6K munk\u00e1j\u00e1t seg\u00edt\u0151 pedag\u00f3gus: Hilbert Henriett.<\/td><\/tr><\/tbody><\/table><\/figure>\n\n\n<div class=\"wp-block-image\">\n<figure class=\"aligncenter size-large\"><img loading=\"lazy\" decoding=\"async\" width=\"1024\" height=\"472\" src=\"https:\/\/illyes-dombovar.hu\/honlap\/wp-content\/uploads\/2025\/01\/IMG_4339-1024x472.jpeg\" alt=\"\" class=\"wp-image-21751\" srcset=\"http:\/\/illyes-dombovar.hu\/honlap\/wp-content\/uploads\/2025\/01\/IMG_4339-1024x472.jpeg 1024w, http:\/\/illyes-dombovar.hu\/honlap\/wp-content\/uploads\/2025\/01\/IMG_4339-300x138.jpeg 300w, http:\/\/illyes-dombovar.hu\/honlap\/wp-content\/uploads\/2025\/01\/IMG_4339-768x354.jpeg 768w, http:\/\/illyes-dombovar.hu\/honlap\/wp-content\/uploads\/2025\/01\/IMG_4339-1536x708.jpeg 1536w, http:\/\/illyes-dombovar.hu\/honlap\/wp-content\/uploads\/2025\/01\/IMG_4339-651x300.jpeg 651w, http:\/\/illyes-dombovar.hu\/honlap\/wp-content\/uploads\/2025\/01\/IMG_4339.jpeg 2000w\" sizes=\"auto, (max-width: 1024px) 100vw, 1024px\" \/><\/figure>\n<\/div>\n\n\n<figure class=\"wp-block-table\"><table><tbody><tr><td class=\"has-text-align-center\" data-align=\"center\"><strong><a href=\"http:\/\/www.illyes-dombovar.hu\/dok_szmsz.doc\">Az Illy\u00e9s Gyula Gimn\u00e1zium DI\u00c1K\u00d6NKORM\u00c1NYZAT\u00c1NAK SZERVEZETI \u00c9S M\u0170K\u00d6D\u00c9SI SZAB\u00c1LYZATA<\/a><\/strong><\/td><\/tr><\/tbody><\/table><\/figure>\n","protected":false},"excerpt":{"rendered":"<p>A Di\u00e1k\u00f6nkorm\u00e1nyzat (r\u00f6vid\u00edtve: D\u00d6K) a di\u00e1kok \u00e1ltal l\u00e9trehozott olyan szervezet, mely k\u00e9pviseli a tanul\u00f3k \u00e9rdekeit minden k\u00e9rd\u00e9sben, megval\u00f3s\u00edtja a tanul\u00f3k k\u00e9pviselet\u00e9t az \u0151ket \u00e9rint\u0151 f\u00f3rumokon val\u00f3 r\u00e9szv\u00e9tellel, biztos\u00edtja az inform\u00e1ci\u00f3\u00e1raml\u00e1st [&hellip;]<\/p>\n","protected":false},"author":2,"featured_media":0,"parent":0,"menu_order":0,"comment_status":"closed","ping_status":"closed","template":"","meta":{"ngg_post_thumbnail":0,"footnotes":""},"class_list":["post-1424","page","type-page","status-publish","hentry"],"_links":{"self":[{"href":"http:\/\/illyes-dombovar.hu\/honlap\/wp-json\/wp\/v2\/pages\/1424","targetHints":{"allow":["GET"]}}],"collection":[{"href":"http:\/\/illyes-dombovar.hu\/honlap\/wp-json\/wp\/v2\/pages"}],"about":[{"href":"http:\/\/illyes-dombovar.hu\/honlap\/wp-json\/wp\/v2\/types\/page"}],"author":[{"embeddable":true,"href":"http:\/\/illyes-dombovar.hu\/honlap\/wp-json\/wp\/v2\/users\/2"}],"replies":[{"embeddable":true,"href":"http:\/\/illyes-dombovar.hu\/honlap\/wp-json\/wp\/v2\/comments?post=1424"}],"version-history":[{"count":4,"href":"http:\/\/illyes-dombovar.hu\/honlap\/wp-json\/wp\/v2\/pages\/1424\/revisions"}],"predecessor-version":[{"id":21752,"href":"http:\/\/illyes-dombovar.hu\/honlap\/wp-json\/wp\/v2\/pages\/1424\/revisions\/21752"}],"wp:attachment":[{"href":"http:\/\/illyes-dombovar.hu\/honlap\/wp-json\/wp\/v2\/media?parent=1424"}],"curies":[{"name":"wp","href":"https:\/\/api.w.org\/{rel}","templated":true}]}}