{"id":1290,"date":"2020-05-27T11:36:55","date_gmt":"2020-05-27T11:36:55","guid":{"rendered":"http:\/\/teszt.illyes-dombovar.hu\/honlap\/?page_id=1290"},"modified":"2024-02-28T12:54:06","modified_gmt":"2024-02-28T11:54:06","slug":"alapitvany","status":"publish","type":"page","link":"http:\/\/illyes-dombovar.hu\/honlap\/alapitvany\/","title":{"rendered":"Alap\u00edtv\u00e1nyok"},"content":{"rendered":"\n<p><em><strong>Domb\u00f3v\u00e1ri Illy\u00e9s Gyula Gimn\u00e1zium\u00e9rt Alap\u00edtv\u00e1ny<\/strong><\/em><\/p>\n\n\n\n<p>Az iskol\u00e1t \u00e9rint\u0151 valamennyi fontos esem\u00e9ny, program anyagi t\u00e1mogat\u00e1sa.<\/p>\n\n\n\n<p>A c\u00e9lkit\u0171z\u00e9sek alapj\u00e1n lehet\u0151s\u00e9g van a keret\u00e9b\u0151l t\u00e1rgyi eszk\u00f6z\u00f6k megv\u00e9tel\u00e9re, fel\u00faj\u00edt\u00e1s\u00e1ra is. Kiemelt feladatai k\u00f6z\u00e9 tartozik a sport- \u00e9s szabadid\u0151-tev\u00e9kenys\u00e9g t\u00e1mogat\u00e1sa, a tehets\u00e9ges \u00e9s h\u00e1tr\u00e1nyos helyzet\u0171 di\u00e1kok seg\u00edt\u00e9se, az iskolai versenyeztet\u00e9s \u00e9s hagyom\u00e1ny\u00e1pol\u00e1s el\u0151seg\u00edt\u00e9se is.<\/p>\n\n\n\n<p>Sz\u00e1mlasz\u00e1ma:<strong> 71800109-11151241-00000000<\/strong><\/p>\n\n\n\n<p>Ad\u00f3sz\u00e1ma: <strong><a href=\"tel:18147593-1-17\" target=\"_blank\" rel=\"noreferrer noopener\">18147593-1-17<\/a><\/strong><\/p>\n\n\n\n<p><strong><u>Mag\u00e1nalap\u00edtv\u00e1nyok:<\/u><\/strong><\/p>\n\n\n\n<figure class=\"wp-block-table\"><table><tbody><tr><td><strong>Alap\u00edtv\u00e1ny neve<\/strong><\/td><td><strong>C\u00e9lja<\/strong><\/td><\/tr><tr><td><strong>Bal\u00e1zs Gy\u00f6rgy<\/strong><\/td><td>a legjobb matematikus\u00e9rt<\/td><\/tr><tr><td><strong>B\u00e1r\u00e1ny Vera<\/strong><\/td><td>a legjobb l\u00e1ny tanul\u00f3\u00e9rt<\/td><\/tr><tr><td><strong>Buda Imre<\/strong><\/td><td>term\u00e9szettudom\u00e1ny \u00e9s idegen nyelv ter\u00e9n el\u00e9rt legjobb tanulm\u00e1nyi eredm\u00e9ny<\/td><\/tr><\/tbody><\/table><\/figure>\n\n\n\n<div style=\"height:0px\" aria-hidden=\"true\" class=\"wp-block-spacer\"><\/div>\n\n\n\n<p><strong>Freller Mikl\u00f3s Alap\u00edtv\u00e1ny<\/strong><\/p>\n\n\n\n<p><strong>C\u00edm:<\/strong> 7200 Domb\u00f3v\u00e1r, Bajcsy-Zsilinszky u. 2.<\/p>\n\n\n\n<p><strong>Ad\u00f3sz\u00e1m:<\/strong> 19373469-1-17<\/p>\n\n\n\n<p><strong>Sz\u00e1mlasz\u00e1m:<\/strong> 11746043-24628820<\/p>\n\n\n\n<p><strong>Az Alap\u00edtv\u00e1ny kurat\u00f3rium\u00e1nak tagjai<\/strong><\/p>\n\n\n\n<p><strong><em>Dr. Stettner Eleon\u00f3ra eln\u00f6k<\/em><\/strong>, Ph. D., a Magyar Agr\u00e1r- \u00e9s \u00c9lettudom\u00e1nyi Egyetem Matematika \u00e9s Term\u00e9szettudom\u00e1nyi Alapok Int\u00e9zet\u00e9nek egyetemi docense<\/p>\n\n\n\n<p><strong><em>Cser\u00e9p Imre L\u00e1szl\u00f3<\/em><\/strong> \u00e9p\u00edt\u0151ipari v\u00e1llalkoz\u00f3, a domb\u00f3v\u00e1ri gimn\u00e1zium \u00f6regdi\u00e1kja<\/p>\n\n\n\n<p><strong><em>Dr. Szeny\u00e9ri Zolt\u00e1n<\/em><\/strong>, Ph. D., kutat\u00f3tan\u00e1r, a Domb\u00f3v\u00e1ri Illy\u00e9s Gyula Gimn\u00e1zium igazgat\u00f3ja<\/p>\n\n\n\n<p>Az Alap\u00edtv\u00e1ny saj\u00e1t honlapja el\u00e9rhet\u0151 <a href=\"http:\/\/freller-miklos-alapitvany.illyes-dombovar.hu\/\" data-type=\"link\" data-id=\"http:\/\/freller-miklos-alapitvany.illyes-dombovar.hu\/\" target=\"_blank\" rel=\"noreferrer noopener\">itt<\/a>. <\/p>\n","protected":false},"excerpt":{"rendered":"<p>Domb\u00f3v\u00e1ri Illy\u00e9s Gyula Gimn\u00e1zium\u00e9rt Alap\u00edtv\u00e1ny Az iskol\u00e1t \u00e9rint\u0151 valamennyi fontos esem\u00e9ny, program anyagi t\u00e1mogat\u00e1sa. A c\u00e9lkit\u0171z\u00e9sek alapj\u00e1n lehet\u0151s\u00e9g van a keret\u00e9b\u0151l t\u00e1rgyi eszk\u00f6z\u00f6k megv\u00e9tel\u00e9re, fel\u00faj\u00edt\u00e1s\u00e1ra is. Kiemelt feladatai k\u00f6z\u00e9 tartozik [&hellip;]<\/p>\n","protected":false},"author":2,"featured_media":0,"parent":0,"menu_order":0,"comment_status":"closed","ping_status":"closed","template":"","meta":{"ngg_post_thumbnail":0,"footnotes":""},"class_list":["post-1290","page","type-page","status-publish","hentry"],"_links":{"self":[{"href":"http:\/\/illyes-dombovar.hu\/honlap\/wp-json\/wp\/v2\/pages\/1290","targetHints":{"allow":["GET"]}}],"collection":[{"href":"http:\/\/illyes-dombovar.hu\/honlap\/wp-json\/wp\/v2\/pages"}],"about":[{"href":"http:\/\/illyes-dombovar.hu\/honlap\/wp-json\/wp\/v2\/types\/page"}],"author":[{"embeddable":true,"href":"http:\/\/illyes-dombovar.hu\/honlap\/wp-json\/wp\/v2\/users\/2"}],"replies":[{"embeddable":true,"href":"http:\/\/illyes-dombovar.hu\/honlap\/wp-json\/wp\/v2\/comments?post=1290"}],"version-history":[{"count":9,"href":"http:\/\/illyes-dombovar.hu\/honlap\/wp-json\/wp\/v2\/pages\/1290\/revisions"}],"predecessor-version":[{"id":19273,"href":"http:\/\/illyes-dombovar.hu\/honlap\/wp-json\/wp\/v2\/pages\/1290\/revisions\/19273"}],"wp:attachment":[{"href":"http:\/\/illyes-dombovar.hu\/honlap\/wp-json\/wp\/v2\/media?parent=1290"}],"curies":[{"name":"wp","href":"https:\/\/api.w.org\/{rel}","templated":true}]}}